
What is the remainder when 16872 is divided by 2810?
12
Calculate the remainder when 12322 is divided by 1369.
1
Calculate the remainder when 5809 is divided by 223.
11
What is the remainder when 35316 is divided by 160?
116
What is the remainder when 6193283 is divided by 22?
19
Calculate the remainder when 239901 is divided by 2285.
2261
Calculate the remainder when 11689327 is divided by 112.
111
Calculate the remainder when 2887 is divided by 626.
383
What is the remainder when 130559 is divided by 43506?
41
Calculate the remainder when 69008 is divided by 70.
58
Calculate the remainder when 2878 is divided by 217.
57
Calculate the remainder when 1627 is divided by 205.
192
Calculate the remainder when 83752 is divided by 1994.
4
Calculate the remainder when 20208 is divided by 99.
12
What is the remainder when 1832 is divided by 41?
28
Calculate the remainder when 10737 is divided by 159.
84
Calculate the remainder when 27173 is divided by 3.
2
What is the remainder when 1998 is divided by 423?
306
Calculate the remainder when 2194669 is divided by 104508.
1
What is the remainder when 12552 is divided by 85?
57
What is the remainder when 4671 is divided by 2335?
1
Calculate the remainder when 135740 is divided by 19391.
3
Calculate the remainder when 84395 is divided by 14063.
17
What is the remainder when 3231 is divided by 53?
51
Calculate the remainder when 248997 is divided by 27.
3
What is the remainder when 67448 is divided by 95?
93
What is the remainder when 1067879 is divided by 1067876?
3
Calculate the remainder when 16897 is divided by 20.
17
Calculate the remainder when 237 is divided by 214.
23
Calculate the remainder when 19958 is divided by 3976.
78
What is the remainder when 11405 is divided by 1266?
11
Calculate the remainder when 2360 is divided by 143.
72
Calculate the remainder when 169630 is divided by 32.
30
Calculate the remainder when 34881 is divided by 1444.
225
What is the remainder when 11405 is divided by 1295?
1045
What is the remainder when 238868 is divided by 10857?
14
Calculate the remainder when 64351 is divided by 918.
91
What is the remainder when 28858 is divided by 41?
35
Calculate the remainder when 48156 is divided by 48149.
7
Calculate the remainder when 16741 is divided by 2087.
45
Calculate the remainder when 54792 is divided by 2736.
72
Calculate the remainder when 25590 is divided by 2558.
10
Calculate the remainder when 3101 is divided by 220.
21
What is the remainder when 32737 is divided by 201?
175
Calculate the remainder when 12817 is divided by 261.
28
Calculate the remainder when 8642 is divided by 2107.
214
Calculate the remainder when 551 is divided by 85.
41
What is the remainder when 20148 is divided by 1575?
1248
Calculate the remainder when 13229 is divided by 1647.
53
What is the remainder when 87107 is divided by 1146?
11
What is the remainder when 110836 is divided by 61?
60
What is the remainder when 24421 is divided by 101?
80
What is the remainder when 77863 is divided by 509?
495
What is the remainder when 41735 is divided by 1897?
1
Calculate the remainder when 15738 is divided by 974.
154
Calculate the remainder when 1852029 is divided by 1696.
1693
Calculate the remainder when 6254 is divided by 1425.
554
Calculate the remainder when 987 is divided by 351.
285
What is the remainder when 1201 is divided by 61?
42
What is the remainder when 77571 is divided by 64?
3
Calculate the remainder when 25253 is divided by 460.
413
What is the remainder when 3280467 is divided by 357?
351
What is the remainder when 50116 is divided by 19?
13
Calculate the remainder when 2057 is divided by 1838.
219
Calculate the remainder when 19773 is divided by 166.
19
What is the remainder when 4313 is divided by 686?
197
Calculate the remainder when 152305 is divided by 161.
160
What is the remainder when 35189 is divided by 5863?
11
Calculate the remainder when 2867 is divided by 853.
308
What is the remainder when 421 is divided by 421?
0
Calculate the remainder when 11400 is divided by 11313.
87
Calculate the remainder when 2375 is divided by 1065.
245
Calculate the remainder when 40788 is divided by 619.
553
What is the remainder when 17211 is divided by 8605?
1
What is the remainder when 25045 is divided by 124?
121
What is the remainder when 5626 is divided by 67?
65
Calculate the remainder when 531142 is divided by 27.
25
Calculate the remainder when 53543 is divided by 170.
163
Calculate the remainder when 48826 is divided by 156.
154
Calculate the remainder when 617 is divided by 9.
5
Calculate the remainder when 324780 is divided by 1483.
3
Calculate the remainder when 4610 is divided by 310.
270
Calculate the remainder when 125034 is divided by 33.
30
Calculate the remainder when 21379 is divided by 465.
454
What is the remainder when 2264 is divided by 826?
612
What is the remainder when 4317767 is divided by 819?
818
Calculate the remainder when 73372 is divided by 151.
137
Calculate the remainder when 1524948 is divided by 248.
244
Calculate the remainder when 43050 is divided by 2690.
10
What is the remainder when 7430 is divided by 311?
277
Calculate the remainder when 131281 is divided by 373.
358
Calculate the remainder when 142753 is divided by 313.
25
Calculate the remainder when 28800 is divided by 64.
0
Calculate the remainder when 1258 is divided by 371.
145
Calculate the remainder when 12299 is divided by 1023.
23
What is the remainder when 9562 is divided by 265?
22
What is the remainder when 4157 is divided by 386?
297
Calculate the remainder when 6663 is divided by 34.
33
What is the remainder when 129598 is divided by 405?
403
What is the remainder when 62093 is divided by 398?
5
Calculate the remainder when 2493 is divided by 2436.
57
What is the remainder when 446158 is divided by 220?
218
What is the remainder when 23529 is divided by 3319?
296
Calculate the remainder when 112650 is divided by 6626.
8
Calculate the remainder when 3651 is divided by 133.
60
Calculate the remainder when 55678 is divided by 60.
58
What is the remainder when 7820608 is divided by 17?
13
What is the remainder when 11091 is divided by 3628?
207
Calculate the remainder when 364487 is divided by 82.
79
Calculate the remainder when 7451 is divided by 7446.
5
Calculate the remainder when 45899 is divided by 956.
11
What is the remainder when 21813 is divided by 157?
147
Calculate the remainder when 600 is divided by 72.
24
What is the remainder when 385057 is divided by 26?
23
Calculate the remainder when 37385 is divided by 18.
17
What is the remainder when 23519 is divided by 979?
23
What is the remainder when 1362 is divided by 110?
42
What is the remainder when 9274 is divided by 16?
10
What is the remainder when 6044 is divided by 362?
252
What is the remainder when 3023 is divided by 231?
20
Calculate the remainder when 7865 is divided by 3932.
1
Calculate the remainder when 44845 is divided by 431.
21
Calculate the remainder when 16208 is divided by 386.
382
Calculate the remainder when 4562 is divided by 2028.
506
Calculate the remainder when 1801 is divided by 17.
16
Calculate the remainder when 226440 is divided by 59.
57
What is the remainder when 477704 is divided by 15?
14
What is the remainder when 210932 is divided by 374?
370
What is the remainder when 1337 is divided by 115?
72
What is the remainder when 188 is divided by 4?
0
What is the remainder when 52359 is divided by 99?
87
What is the remainder when 47216 is divided by 11740?
256
Calculate the remainder when 7185853 is divided by 20.
13
What is the remainder when 127578 is divided by 20?
18
Calculate the remainder when 9347 is divided by 4578.
191
What is the remainder when 2409 is divided by 71?
66
What is the remainder when 1299 is divided by 81?
3
Calculate the remainder when 35594 is divided by 297.
251
What is the remainder when 6750 is divided by 177?
24
What is the remainder when 17285 is divided by 56?
37
What is the remainder when 140117 is divided by 11?
10
What is the remainder when 2923 is divided by 245?
228
Calculate the remainder when 4866 is divided by 30.
6
What is the remainder when 238558 is divided by 120?
118
What is the remainder when 7631 is divided by 2365?
536
Calculate the remainder wh